(2)?
2, 3
What are the prime factors of (-2)/((-33)/(-39) - 1)?
13
Let p(j) = -32*j**3 - j**2 - j - 1. Let z be p(-1). Let n = z - 17. List the prime factors of n.
2, 7
Let h = -21 - -47. What are the prime factors of h?
2, 13
Let l(n) = -n**3. Let s(x) = 5*x**3 + x**2 + x - 1. Suppose 2*d - 2*v = -4, -d + 3*d - 1 = v. Let h(m) = d*l(m) + s(m). List the prime factors of h(1).
3
Let w = 120 - 18. List the prime factors of w.
2, 3, 17
Suppose 3*g - 3 = 12. List the prime factors of g.
5
Let z = -7 + 10. Suppose c + 4*j = 26, -c - 37 = -z*c - 5*j. List the prime factors of c.
2, 3
Let p(b) = -6*b**2 - 2*b + 1. Let h be p(1). Suppose 0 = 3*o - 11 + 26. Let x = o - h. What are the prime factors of x?
2
Let x be -3 + 1 - (-6)/3. Suppose x*q + 4*q = 20. Suppose q + 8 = l. What are the prime factors of l?
13
Suppose 26*s - 20*s = 348. What are the prime factors of s?
2, 29
Let q = 126 + -84. What are the prime factors of q?
2, 3, 7
Suppose -3*g = 2*m + 18, g + 30 = -4*g - 4*m. List the prime factors of 518/21 + 4/g.
2, 3
Let u(b) = -2*b - 6. Let z be u(-5). Suppose 2*k = -2*k - g + 22, -5*k - z*g + 33 = 0. Suppose 5*o = h - 19, -k*o - 37 = 4*h - 7*h. List the prime factors of h.
3
Let b(r) = -3*r**3 - 17*r**2 - 3*r - 15. Let o(z) = 5*z**3 + 26*z**2 + 4*z + 23. Let a(c) = -8*b(c) - 5*o(c). What are the prime factors of a(6)?
29
Let c(g) = -g**2 - 4*g - 7. Let s be c(-5). What are the prime factors of (s/(-5))/((-22)/(-385))?
2, 3, 7
Let z = -31 - -47. Let q = -9 + z. What are the prime factors of (q - 1) + (1 - 1)?
2, 3
Let g(y) = -6*y. Let b be g(-2). Let l(n) = -5*n + 49. Let w be l(11). Let v = b + w. What are the prime factors of v?
2, 3
Let d(m) = m**3 + m**2 - m + 13. What are the prime factors of d(0)?
13
Let z = 16 - 11. Suppose -z*n + 27 = 4*o - 4, -9 = -3*o + n. List the prime factors of o.
2
Let w(l) = 8*l**2 + 3*l - 3. List the prime factors of w(2).
5, 7
What are the prime factors of (1 - -1)/((-10)/(-215))?
43
Suppose -2*d + 0*m + 57 = m, -4*d - 5*m = -105. List the prime factors of d.
2, 3, 5
Suppose -3*x - 4*w = -50, -2*w - 15 = -4*x + 3*w. Suppose -2*c = -5*r - 13, -2*r = 5*c - 8 + 48. Let b = c + x. What are the prime factors of b?
2
Suppose 0*s + 4*s = 372. List the prime factors of s.
3, 31
Suppose -4*x + 88 = -0*x. What are the prime factors of x?
2, 11
Suppose 0 = 4*a + 3*r - 9, -3*a + 12 = 3*r + 3. Suppose 2*w + 2*w = a. Suppose 2*x - 2*v + 4*v - 28 = w, -x + v = -8. List the prime factors of x.
11
Suppose r - 9 + 2 = 4*l, 3 = 2*r + 3*l. Suppose -6 + r = -p. What are the prime factors of p?
3
Let v = -1 - -2. Let u be ((-2*v)/2)/1. Let g = u + 8. List the prime factors of g.
7
Suppose 2*m = -2, g = 4*m + 63 + 6. What are the prime factors of g?
5, 13
Let m be (-7)/((4 + -1)/(-6)). Suppose -3*a + 98 = m. What are the prime factors of a?
2, 7
Suppose 7*n - 3*n - 316 = -4*s, -5*n = 25. What are the prime factors of s?
2, 3, 7
Let j(v) = 12*v**2. Let q(t) = t**2 + t - 1. Let h be q(1). What are the prime factors of j(h)?
2, 3
Let r(p) = -p + 2*p - 4 + 0 - 1. List the prime factors of r(11).
2, 3
Suppose 0 = -3*u - 4*g + 14, 4*g - 4 = -20. Suppose -9*t = -u*t + 6. List the prime factors of t.
2, 3
Let h = 106 + -53. What are the prime factors of h?
53
Suppose -119 = -0*q - q. What are the prime factors of q?
7, 17
Suppose 2*z - 2 = 0, 4*a + 0*z - 86 = -2*z. Let j = 16 + -11. Suppose 0 = 5*u + 25, -x - j*u = a - 6. What are the prime factors of x?
2, 5
Let j be 197/2 - (-1)/(-2). Suppose 2*w = j - 22. List the prime factors of w.
2, 19
Let l(j) = -j + 3. Let u be l(2). Let x(r) = 26*r**2 + r - 1. What are the prime factors of x(u)?
2, 13
Suppose 2*x - 19 = -3*a + 5, 0 = -x - a + 10. List the prime factors of x.
2, 3
Suppose 6*g = 8 + 22. List the prime factors of g.
5
Let i(b) = -b - 3. Let u be i(-3). Suppose u*j = 5*j - 25, 4*j = 3*p + 23. List the prime factors of (p/2)/(4/(-112)).
2, 7
Suppose 2 = 2*z - z. Suppose -3*o - 2*y = -4, -z*y + 1 = 3. Suppose 12 = o*p + 2*p. List the prime factors of p.
3
Suppose 5*u + d = -3*d - 26, -4*d - 16 = 0. Let z = u - -4. Suppose 3 = z*n - 17. List the prime factors of n.
2, 5
What are the prime factors of (19/(-4))/(7/(-28))?
19
Let j(z) = z - 4. Let s(i) = -2*i + 8. Let x(y) = -7*j(y) - 4*s(y). Let v be x(4). Suppose 0 = -4*n - v*n + 68. List the prime factors of n.
17
Suppose x + 2 + 2 = 0. What are the prime factors of 26/(((-8)/3)/x)?
3, 13
Let x = -143 - -225. List the prime factors of x.
2, 41
Suppose y = -4*v + 575, 0 = v - 2*v + 4*y + 131. List the prime factors of v.
11, 13
Let o(i) = -i**2 + 5*i + 3. Let n be o(5). Suppose 4*g - 16 = -4*m, -4*g - n*m + 16 = -3. List the prime factors of g.
7
Suppose 6*d - 3*d - 4 = 4*c, c = -3*d + 14. Let n = 26 - d. What are the prime factors of n?
2, 11
Let z(x) = 11*x. Suppose 5*v = 3*v + 10. Let n be v/15 - 2/(-3). What are the prime factors of z(n)?
11
Suppose -10 = -6*a + 4*a. Suppose 3*f - 6 = -o, -a*o + 4*o + 4*f - 1 = 0. List the prime factors of o.
3
Suppose 0 = -2*z - 4 - 0. Let p = -6 - z. List the prime factors of 1/1*(7 - p).
11
Let z(j) = j + 2. Let a(q) = -3*q - 4. Let y(f) = -2*a(f) - 5*z(f). Let b be y(4). Suppose -b*s = -0*s - 22. What are the prime factors of s?
11
List the prime factors of (3/2)/((-3)/(-112)).
2, 7
Suppose 3*p + 82 = -2*w, w - 89 = 3*p - 13. Let b be p/(-4) - (-2)/4. Suppose -4*g + 5 = -b. What are the prime factors of g?
3
List the prime factors of (-93)/(-9) + 5/(-15).
2, 5
Suppose 2*p - k = 9, 0*p - k + 6 = 3*p. Let x = 28 - p. List the prime factors of x.
5
Suppose -14 = -2*k + 2*r, 2*k + 3*r + 0*r = 9. Let j be (-4)/(-12) + (-74)/k. List the prime factors of 9/5*(-40)/j.
2, 3
Suppose 0 = 5*m - 317 - 43. List the prime factors of m.
2, 3
Let x(f) = -f**2 - 7*f - 2. Let v be x(-6). Suppose 12 = 4*n + 3*i - 4, -n = v*i + 9. List the prime factors of n.
7
Let f(k) = 15*k**2 - 1. Let n be f(1). Suppose 3*j = l + 7, n = l + 7*j - 3*j. List the prime factors of l.
2
What are the prime factors of (-4 + 22)*(-2)/(-6)?
2, 3
Let m = 40 - 13. List the prime factors of m + 0/(-2) + -3.
2, 3
Suppose 4*n - 1440 = -4*i, 4*n + 705 = 2*i + n. List the prime factors of i.
3, 7, 17
Suppose 3*b + 8 = -304. List the prime factors of b/(-6)*18/12.
2, 13
List the prime factors of (3 - (136/(-4) - 0)) + 0.
37
Let l(d) = d - 2. Let f be l(0). List the prime factors of (44 - -2)*f/(-4).
23
Let u(s) = 8*s**2 - 17*s - 12. List the prime factors of u(7).
3, 29
Let c = 285 + -111. What are the prime factors of c?
2, 3, 29
Suppose 5*d - 28 - 22 = 0. Let r = -4 + d. List the prime factors of r.
2, 3
Suppose 6 = -a + 2*g + 57, -5*a + 255 = -4*g. What are the prime factors of a?
3, 17
Let g(u) be the third derivative of -u**5/60 + 11*u**4/24 + u**3/3 + u**2. What are the prime factors of g(11)?
2
Let n(q) = q**3 - 4*q**2 - 3*q + 5. Let v be n(4). Suppose -4*y = 4*a - 56, a + a - 52 = 4*y. Let d = a + v. What are the prime factors of d?
11
Suppose -3 = 3*t - 8*t + 3*w, w = t + 1. Let r = t - 2. Suppose 3*x - 3 = 0, -v = -2*x - r - 9. List the prime factors of v.
2, 3
Let z(w) = -w**3 - 2*w**2 + 3*w + 4. Let y be z(-3). List the prime factors of 8/y + (-12)/(-1).
2, 7
Let k be -1*12*(-4)/8. Suppose k*v - 7 = 5*v. List the prime factors of v.
7
Let d(h) = -8*h - 4. Let v be d(-3). What are the prime factors of (v/(-6))/(2/(-9))?
3, 5
Let m be (-33)/2*(56/(-21) + 2). Let b be -1 + -8 + 1 + -1. Let i = m + b. What are the prime factors of i?
2
Suppose 3*j - 7*j + 80 = 0. List the prime factors of j.
2, 5
Let a be (-16)/6*45/(-30). Let r = a + 4. List the prime factors of r.
2
Let i(a) = 2*a**3 + a**2 - 2*a. Let z be i(-2). Let t(q) be the second derivative of -q**3/6 - 5*q**2/2 + q. List the prime factors of t(z).
3
Let o = -24 - -326. List the prime factors of o.
2, 151
Suppose -2*f = 2*g + 22, 0 = -2*g - 3*f - 25 - 2. What are the prime factors of 3/(-6) + (-69)/g?
11
Suppose 3*g + 0 = 6. Suppose i = -5*o + 12, 0 = g*o - i - 2 - 0. What are the prime factors of 8/2 + (o - 0)?
2, 3
Let k(n) = -n**3 - 15*n**2 + 12*n + 24. What are the prime factors of k(-16)?
2, 11
Let q be (34 + 1)/((-1)/(-2)). Suppose -3*a + s = 3*s - 38, 5*a - q = -2*s. Suppose y + 3*y = a. List the prime factors of y.
2
List the prime factors of (-52)/(2/1 + -4).
2, 13
Let 